 = 4*z + 13. Let i(k) = -k - 1. Let o = -140 - -139. Let m(y) = o*n(y) - 3*i(y). Calculate m(h).
-3
Suppose 0 = -q - 3 - 3. Let o = 80 - 48. Let y(u) = u**2 + 5*u + o + u - 33. Determine y(q).
-1
Let n(c) = 1 + 8*c + 7 - 6*c**2 - c**3 - 1 + c**2. Let h be n(-6). Let z be (h/3)/(25/(-90)). Let t(x) = -x**3 + 5*x**2 + 8*x - 2. Give t(z).
10
Let k(z) = -z**2 + 11*z - 30. Let r be k(11). Let d = 32 + r. Let c(m) = 4*m**2 - 2*m + 2. What is c(d)?
14
Suppose -5*r = 4*y + 4, 3*y + 0*r = 4*r - 3. Let x(p) be the second derivative of p**3 - 680*p. Calculate x(y).
-6
Let r(x) = -8*x**2 - 10*x - 27. Let f(u) = -23*u**2 - 31*u - 77. Let k(t) = 6*f(t) - 17*r(t). Give k(-8).
-3
Let x(g) = -g**3 - 4*g**2 - 3*g - 2. Suppose -11*z = -8*z + 12. Give x(z).
10
Let k(u) = -4*u + 4. Let j = -2322 + 2321. Give k(j).
8
Let w(i) = -2*i - 27. Let l = -705 - -693. Determine w(l).
-3
Let j(g) = 15 - 21 + 5*g - 3 + g**2 + 5. Suppose f + 20 = -4*f. Give j(f).
-8
Let y(z) = -z - 12. Let a = 239 - 239. What is y(a)?
-12
Let i(v) = 6*v + 8344 - 3*v - 8287. Determine i(-17).
6
Let l(n) be the third derivative of -n**4/8 - 2*n**3/3 - 5*n**2. Let s be (45/60)/((-2)/(-8)). Determine l(s).
-13
Let x(o) = -3*o**2 + o + 1. Let v(k) = 12*k**2 - 5*k - 5. Let q(d) = -2*v(d) - 9*x(d). Let s be 10 - (-1 - -3) - 10. Calculate q(s).
11
Let k be -5 - 0 - (3 - 4). Let u be (-3)/(-1) - (-9)/(-3). Let g(p) = u - 7*p + 8*p - 1. Give g(k).
-5
Let u(w) be the second derivative of w**5/20 + 2*w**4/3 - 13*w**3/6 - 13*w**2/2 + 6*w + 1. Give u(-9).
23
Let r(w) be the third derivative of w**6/120 - w**5/10 - 5*w**4/12 + w**3/3 + 35*w**2. What is r(7)?
-19
Let u(j) be the first derivative of -j**2/2 + 4*j + 254. Let b(n) = -n**2 - 6*n. Let w be b(-5). Suppose w*r + 5*s - 5 = 0, 4*r + 5*s = 2 - 0. What is u(r)?
1
Let j be (-2)/8 + 34/136. Let z(s) = s**2 + s + 4. Let x(i) = 3*i**2 + 3*i + 7. Let o(q) = -2*x(q) + 5*z(q). Determine o(j).
6
Suppose 72 = -3*q + 15*q. Let s(t) be the first derivative of -t**3/3 + 5*t**2/2 + 5*t - 5. What is s(q)?
-1
Suppose -5*p + 9 + 1 = 0. Let t(c) = -5*c**3 + 2*c**2 - 3*c + 7. Let y(o) = o**3 - o**2 + o - 3. Let v(b) = t(b) + 3*y(b). What is v(p)?
-22
Let s(r) = 2*r**2 - 3*r**2 + r + 5 - r - 5*r. Calculate s(-9).
-31
Let r be ((-12)/(-14))/((-2)/(-14)). Let q(k) be the second derivative of 1/6*k**3 - 2*k - 6*k**2 + 0. Give q(r).
-6
Let x(o) = -17 + 27 + 5*o - 13. Give x(1).
2
Let m(a) be the second derivative of a**4/12 + 3*a**2 - 3*a + 253. Calculate m(0).
6
Let i(y) = y**3 + 3*y**2 + 3*y + 3. Let f be -8 + ((-224)/(-49) - 6/(-14)). What is i(f)?
-6
Let j be 5/((-5)/(-27)) - 2. Suppose 8*k = 3*k + j. Let h(g) = -2*g**2 - 2*g**2 + g**3 - 6*g - g. Calculate h(k).
-10
Let h(d) be the third derivative of d**6/360 + d**5/120 + d**4/24 + 7*d**3/2 + 32*d**2. Let b(a) be the first derivative of h(a). Determine b(-1).
1
Let u(y) = 2*y. Suppose 2*f - 15 = -5*n, -f - 4*f + 15 = 5*n. Suppose c - 5 = -n. Let o be 1/(c/(-6)*-1). Determine u(o).
6
Let r(j) = -j**3 + 8*j**2 - j + 6. Let y = -348 + 356. Give r(y).
-2
Let k(x) = -x - 3. Let g = -5 + 13. Let r = g - 4. Suppose -2*w + 5*q - 21 = 0, -w + r*q = 9 + 6. What is k(w)?
0
Suppose -b - 1 = 2*t, -2*t + b = -6 + 1. Let k(j) = 10*j**2 + 7*j + 6. Let x = 52 - 59. Let z(s) = -11*s**2 - 8*s - 7. Let d(i) = x*k(i) - 6*z(i). What is d(t)?
-5
Let l(g) = 2*g - 5 - 170*g**3 + 169*g**3 + 8. What is l(3)?
-18
Let z(d) = 4*d + 31. Let f(w) = 3*w + 21. Let c(q) = -7*f(q) + 5*z(q). Let r(b) = b**2 + 3*b + 3. Suppose 0 = -5*a - 24 + 4. Let l be r(a). What is c(l)?
1
Let a(u) be the first derivative of u**4/12 - u**3/6 - 3*u**2/2 - u + 8. Let x(n) be the first derivative of a(n). Determine x(3).
3
Let p(c) = c**3 - 5*c**2 - c + 2. Suppose h + 2*x + 3*x - 6 = 0, -4*h + 70 = -3*x. Suppose 10*q - 56 = -h. Calculate p(q).
-18
Let g = 8 - 12. Let i(d) be the third derivative of -d**6/120 - d**5/15 - d**4/8 + 5*d**3/6 + 35*d**2 - 3. Calculate i(g).
17
Let n(c) = 4*c. Suppose s - p = 3, 2 + 7 = 3*s - 2*p. Let h be s/(1/((-1 - 3) + 3)). What is n(h)?
-12
Suppose 0 = -x - 5, p = -0*p - x - 6. Let l(f) be the third derivative of -23*f**4/24 + 27*f**2. What is l(p)?
23
Let f(d) = 12*d**2 - 24*d**2 + 11*d**2 + 3 - 21*d + 27*d. Suppose -3*w = -w. Let b(g) = -g**2 + g + 7. Let m be b(w). Give f(m).
-4
Let a(j) = -5*j - 18. Let u(o) = -7*o - 17. Let k(i) = -4*a(i) + 3*u(i). Determine k(14).
7
Let d(b) be the second derivative of -7/3*b**3 - 1/2*b**2 - 8*b + 0. Determine d(1).
-15
Suppose -3*a + 21 = 5*k, a = -0*k - k + 5. Let u(d) = d**3 - 4*d**2 - 17. Let i be u(5). Let h(x) = i*x - x**3 + 3 - 6*x + x**2 + 1. Determine h(k).
-8
Let w(s) = s. Let g be (4 + -6 + -10)/(-2). Let t be g + -8 + 6 + 0. What is w(t)?
4
Let o(k) = -4. Let t(m) = 2*m + 29. Let i(b) = 6*o(b) + t(b). What is i(-4)?
-3
Let b(s) = s - 1. Let d(p) = 3 - 4 + 2 + p**2 - 3*p - 5*p. Let f(o) = -4*b(o) - d(o). Let v = -316 - -320. Give f(v).
3
Let p(m) = m**3 - 5*m**2 - 4*m + 4. Suppose -5 = -v - 4*q, 0 = -2*v - 4*q + 3*q + 10. Determine p(v).
-16
Suppose -4*m + 17 = p, 4*m = 3*m + 3*p + 14. Let z(o) = -6*o + 6. Determine z(m).
-24
Let u(t) = -t**3 + 8*t**2 - 5. Let w be u(8). Let n(r) = r**2 + 15*r + 1. Let d(l) = l**2 + 13*l + 2. Let c(a) = -4*d(a) + 3*n(a). What is c(w)?
5
Let q(v) be the third derivative of v**6/40 - v**5/60 - 459*v**2 + 3. Let l be (-6)/(-9) + (-1)/(-3). Give q(l).
2
Suppose 21*b + 6*b + 243 = 0. Let h(l) = l**3 + 7*l**2 - 16*l + 14. Determine h(b).
-4
Let m(n) be the second derivative of -1/2*n**4 + 9*n + 0 - 1/20*n**5 - n**3 - 5/2*n**2. Calculate m(-5).
0
Let d(r) be the third derivative of -r**4/4 + r**3/3 + 2*r**2 - 2. What is d(3)?
-16
Let l(n) = -5*n + 1. Let i = 19 - 23. Let z be ((-5)/15)/(i/12). Give l(z).
-4
Suppose 0 = 2*q + 3*q - 5. Let y(k) = -2*k + 10*k**3 - q - 6*k**3 - 3*k**3 - 2*k**3. Determine y(-1).
2
Suppose -3*o = a - 23, -a = 4*o - 9 - 22. Suppose o = 4*s - 0*s. Let i(y) = 2*y**2 - 9*y**s + 4*y**2. Give i(1).
-3
Let h = -23 - -25. Let m(o) = -5*o**h - 3 + 6*o**2 - 8. Suppose -2*a + 0*a = 0. What is m(a)?
-11
Let s = -646 + 653. Let d(z) = z + 1. What is d(s)?
8
Let f(w) = -3*w. Let l be 5*(-1)/5*-8. Suppose -i - l = 3*i. Let k be ((-1)/(-3))/(i/6). Give f(k).
3
Let p(k) = k**3 + 9*k**2 + 9*k + 7. Suppose 231 = 14*h + 315. Determine p(h).
61
Let n(w) = 1 + 18*w + 16*w - 50*w + 18*w. Suppose 5*h = 3*i + 1, 9 = -5*i + 2*i + 3*h. Calculate n(i).
-13
Suppose b + 0*t = -3*t, 0 = 5*t - 10. Let y(l) = l**2 + 7*l + 6. Calculate y(b).
0
Let o(m) = 2*m - 9. Let q be o(-5). Let r = 36 + q. Let s = r - 20. Let z(t) = t + 3. What is z(s)?
0
Let b(v) be the third derivative of 1/6*v**3 + 0 + 0*v + 1/60*v**5 - 14*v**2 + 1/12*v**4. Give b(-1).
0
Let l(m) = -m**3 - 7*m**2 + 4*m - 32. Let k be l(-8). Let b(n) = -n**3 - n**2 + n + 7. What is b(k)?
7
Let p(n) = -n + 4. Let y be p(8). Let v(l) = -l**3 - 3*l**2 + 7*l - 3. Determine v(y).
-15
Let i(o) = -7*o**2 - 19*o + 9. Let j(n) = 10*n**2 + 18*n - 11. Let a(y) = -4*i(y) - 3*j(y). Determine a(11).
-3
Let a(i) = 1 + 6*i + i - 7*i - 2*i + 12*i**2. What is a(1)?
11
Let d = -468 - -475. Let r(s) = -s + 16. Determine r(d).
9
Let d(t) = -t**3 + t**2 + 1. Let k(u) = 4*u + 8 + 4 + 2 + 13*u**2 - 11*u - 5*u**3. Let a(x) = 6*d(x) - k(x). What is a(-8)?
0
Suppose -5*z + 15 = -25. Let r(q) = -q**2 + 12*q - 9. What is r(z)?
23
Let w(r) = -2*r**2 - 25*r + 271. Let v be w(7). Let y(g) = -3*g**2 - 2. Calculate y(v).
-14
Let a(s) be the first derivative of -s**4/2 - 3*s**3 - s**2/2 + 16*s + 566. Determine a(-4).
4
Let q(f) be the second derivative of -f**3/6 - f**2/2 - 10*f - 10. Let z(g) = -6 - 7*g - g + 1. Let a(c) = 6*q(c) - z(c). Determine a(1).
1
Let s = 75 + -61. Suppose -38 = 4*w - s. Let o(z) = 5*z + 6. What is o(w)?
-24
Suppose 2*u - p = 14, 4*p - 5 - 23 = -4*u. Let y(g) = g - 10. What is y(u)?
-3
Let p(q) = -q - 1. Let v(c) = -c**2 + c - 1. Suppose -3 = 3*i - 0. Let k(w) = i*v(w) + 3*p(w). Give k(5).
3
Suppose 0 = -4*x - 6 + 42. Let u(a) = -a**3 + 10*a**2 - 9*a + 2. Let s be u(x). Let z(n) = -3*n**3 + s*n**3 + 0*n**3 + 3*n**2 + 2*n + 2*n**3. Give z(-2).
0
Let r(u) = -1 + 3 - 1 - 5*u. Let t(f) = -234*f + 3979. Let z be t(17). Give r(z).
-4
Let w(p) = -2*p + 2. Let o(c) be the second derivative of c**3/2 - c**2 + 12*c. Let m(k) = -5